git of h?
7
Let c(d) = 16*d + 23. Suppose 4*k = -0*m + 3*m - 12, 4 = m - k. Suppose -5*t + 42 = m*n + 10, -8 = t - 4*n. What is the units digit of c(t)?
7
What is the units digit of ((-2)/(-6))/(28/20337744*28)?
7
Suppose -86 = 6*v - 278. Suppose v*m + 375 = 35*m. Let l = m + -14. What is the units digit of l?
1
Suppose 5*w - 9 = 1. Let a(v) = 340*v**2 + 15*v - 35. What is the thousands digit of a(w)?
1
Suppose -5*y + 178 - 168 = 0. What is the hundreds digit of 9039/46*1*y?
3
Let q(y) = 2*y - 2. Let j = 50 + -47. Let t be q(j). What is the units digit of (0 - t) + 20/2?
6
Let x = -175 + 168. What is the hundreds digit of x - ((-1895)/5 - -7)?
3
Suppose -10005 = -5*z + 9*z - 77621. What is the hundreds digit of z?
9
What is the tens digit of 102544/(-1326)*-1*402?
8
Suppose 25*c - 74134 = 61266. What is the hundreds digit of c?
4
Suppose -35*c - 496 = -51*c. Let x = -10 - -14. Let z = c - x. What is the units digit of z?
7
What is the hundreds digit of (-4 - (-4 - (8 - 7)))*6635?
6
Let a be 1 + 2 - (-15)/(-5). Suppose a = 2*f - 3*z - 309, 49*f - 5*z = 54*f - 785. What is the units digit of f?
6
Let k be (-15)/9*(-8 - -5)*1. Suppose k*q - 102 = -12*q. Let p(u) = -u**3 + 7*u**2 + 10*u - 21. What is the units digit of p(q)?
5
Suppose -5*x = 20, -36*x + 32*x + 7397 = 3*b. What is the hundreds digit of b?
4
Let x = 42 - 34. Let y(s) = -14 - 2 - 2 + 21*s - 4. What is the tens digit of y(x)?
4
Suppose 5*l = -1451 - 879. Suppose 5*u + 396 = 3*v - 1864, 757 = v + 2*u. Let t = v + l. What is the units digit of t?
9
Let x be -2 + (7*(4 + -2))/2. Suppose -8 = -x*z + 122. Let m = z + -25. What is the units digit of m?
1
Suppose 484*f = 271*f + 14224992. What is the ten thousands digit of f?
6
Let v be (-1)/3 + (528/(-18))/8. Let a be (-6 - v) + (-36 - (0 + -2)). Let c = 116 + a. What is the units digit of c?
0
Suppose -4*w + 27075 = -s, 5*w + 7*s - 33875 = 2*s. What is the units digit of w?
0
Suppose 3936 = 6*m + 492. Suppose -5*t - 51 = -2*s + m, 2*t + 10 = 0. What is the tens digit of s?
0
Let z(a) = -2*a**3 + 8*a**2 - 4*a + 5. Let h(r) = -3*r + 240*r**2 - 239*r**2 - r**3 + 1 + 2*r. Let i(y) = -6*h(y) + z(y). What is the hundreds digit of i(3)?
1
Let u = 5629 + -2254. What is the hundreds digit of u?
3
Suppose -10*y + 49035 = 5*y. Let d = y - 1889. What is the hundreds digit of d?
3
Let y = -1898 + 4377. Suppose -6*c - o = -3*c - 1873, y = 4*c + 5*o. What is the units digit of c?
6
Let c(h) = 9*h**2 + 32*h + 472. Let b(l) = -4*l**2 - 16*l - 237. Let x(j) = -7*b(j) - 3*c(j). What is the hundreds digit of x(-20)?
3
Suppose -1210 = -10*g + 11400. Let r = g - 186. What is the units digit of r?
5
Let l(a) = a**2 + 13*a + 38. Let z = 83 + -109. What is the hundreds digit of l(z)?
3
Suppose -4*l + 4*h = -14660, 11*l - 5*h = 16*l - 18295. What is the thousands digit of l?
3
Suppose -29*q = 223 + 9. What is the tens digit of (80/(-35))/q - (-10790)/14?
7
Let t(s) = -460*s - 275. What is the thousands digit of t(-8)?
3
What is the thousands digit of 12414 + 299 + (18/2)/(-1)?
2
Suppose 6879499 - 13593973 = -228*s + 9242106. What is the hundreds digit of s?
9
Let j(n) = -n**2 + 23*n - 18. Suppose 5*a - 16 = 64. Let y be j(a). Suppose y = 3*w - 32. What is the units digit of w?
2
Let p(v) = v**3 - 2*v**2 - 54. Let h = -48 + 48. Let x be p(h). Let o = x - -140. What is the tens digit of o?
8
Let j be 0/(((-12)/(-3))/(-4)). Suppose j = -5*v - f + 2015, 2*f = -2*v + 3*f + 799. What is the hundreds digit of v?
4
Suppose -702*y = -4826321 - 14831785. What is the units digit of y?
3
Suppose h - 4334 - 5321 - 911 = 0. What is the units digit of h?
6
Let g(b) = 31*b - 4. Let u = -37 - -35. Let a be g(u). Let m = -51 - a. What is the units digit of m?
5
Suppose 2*x - m - 41 = -3*x, 0 = -m + 4. Suppose y - 204 = -4*k, 4*y - x*y - 5*k = -1005. What is the units digit of y?
0
Suppose 0 = -82*z + 142*z - 981420. What is the tens digit of z?
5
Suppose -4*m - 5*o = -24 - 25, -2*m - 3*o = -27. Suppose -m*l - 233 = -2093. What is the units digit of l?
0
Let a(r) = 28. Let v(t) = -t. Let c(h) = -a(h) - 5*v(h). Let x be c(5). Let z(s) = -26*s + 12. What is the units digit of z(x)?
0
Let x(k) = -k**2 - 28*k - 47. Let j be x(-26). Suppose -r + 1280 = p - j*r, 3*r - 3 = 0. What is the tens digit of p?
8
Let f be ((-306)/(-204))/(0 - 1/(-2)). Suppose -793 + 4531 = f*k. What is the units digit of k?
6
Let p be ((-156)/(-8))/((-6)/(-8)) - -4. Let a(w) = -2 + p*w + 30 + 27*w. What is the tens digit of a(3)?
9
Let i(f) = f - 79. Let g be i(0). Let u be (g + 0)*(4 + (-6)/2). Let b = -30 - u. What is the tens digit of b?
4
Suppose 4*r = -2*t - 0*r + 22456, 2*t = -2*r + 22452. Suppose 576 = -8*a + t. What is the thousands digit of a?
1
Let f(h) = -21006*h**3 - 2*h**2 + 75*h + 76. What is the hundreds digit of f(-1)?
0
Let q = 94 - 91. Suppose q*c + 148 = 5*c. What is the units digit of c?
4
What is the thousands digit of (-10)/(-6 - 14)*18390?
9
Let y(q) = 231*q**2 + 92*q - 48. What is the tens digit of y(5)?
8
Suppose 3*z - 5*j - 4401 = 0, 0 = -5*z - 2*j + 9415 - 2111. What is the thousands digit of z?
1
Suppose -223*i + 1230836 = -1028377. What is the ten thousands digit of i?
1
Let s(y) = 2*y**2 - 7*y + 21. Let q be s(5). Suppose -q*h + 2871 = -25*h. What is the units digit of h?
1
Let p be -13 - 215163/169 - (-4)/26. Let w = 2419 + p. What is the hundreds digit of w?
1
Suppose 2*r - 3*b = -5 - 12, 2*r = -4*b + 4. Let p be (2/(r/(-22)))/1. Suppose 13 = 6*d - p. What is the units digit of d?
4
Suppose -3*u = -8*u - 3*g - 6, -g - 2 = 3*u. Let n = -3972 + 4035. Suppose 2*x - 105 - n = u. What is the units digit of x?
4
What is the hundreds digit of (9916185/(-444))/(5/(-4))?
8
Suppose -2*u + 4*z = -5*u - 13931, -5*u + 4*z = 23261. Let t = -3106 - u. What is the hundreds digit of t?
5
Let y(q) = -59*q**3 + 2*q**2 - 23*q - 63. What is the hundreds digit of y(-6)?
8
Let v = 64 - 62. Suppose v*s = -6 + 8. What is the tens digit of 3 + 18 + (3 - s)?
2
Let r(z) = -z**3 - 18*z**2 - 50*z + 24. Let l be r(-12). Let p = l + 415. What is the tens digit of p?
7
Suppose -3*c + 2*c + 298 = 0. Let v = 637 - c. Suppose -3*l + 2*i = -v, -3*i = 5 + 4. What is the tens digit of l?
1
Let u = 295 + -244. Suppose 0*o = -4*o - 216. Let j = u - o. What is the hundreds digit of j?
1
Suppose 50*z - 20407 = -2*h + 49*z, -2*z = -h + 10186. What is the ten thousands digit of h?
1
Let x(a) = 3*a**2 + 6 - 4*a**2 + 12*a + 0. Let p(d) = 12*d - 29. Let b be p(3). What is the units digit of x(b)?
1
Let v be 632568/(-32) + (-1)/4. What is the tens digit of 1/4 - (-3)/((-96)/v)?
1
Suppose 0 = 3*q + 4*q + 196. What is the units digit of 12/q + (-3714)/(-42)?
8
Suppose -22*u - 157039 = -1207429. Suppose u = 37*s + 644. What is the thousands digit of s?
1
Suppose 0 = -2*w - 5*w + 1582. Suppose 0 = -3*u + 18*s - 14*s + w, -5*s = -3*u + 230. What is the tens digit of u?
7
Let a be (87/(-12))/((-4)/16). Suppose 4*o - 14 = 2*z, -3*z - o - a = -z. Let h = z - -74. What is the tens digit of h?
6
What is the tens digit of (-18)/((-486)/51165)*41?
9
Suppose g + o = 18940, -5*g - 474*o = -470*o - 94697. What is the units digit of g?
7
Let a be 5/10 - 1 - (-5)/2. Suppose -2*h - a*h = -5*k - 1, -4 = h + 3*k. What is the tens digit of (h - (-1 + 262))*(-22)/44?
3
Let w be (-1)/(-5 + 215360/43070). Let q = -2458 - w. What is the thousands digit of q?
1
Suppose 0 = -11*l - 23*l + l + 99726. What is the thousands digit of l?
3
Let j(r) = -2*r**3 - 2*r**2 - 2*r + 18. Let q be j(-12). Suppose -40*i - q = -45*i. What is the units digit of i?
2
What is the tens digit of 1 + 19971 + 28 + -33 - -11?
7
Let a(i) = i**2 - i. Let r be a(10). Suppose y - c = c + 125, y - r = -5*c. Suppose -4*v - 3*d - y + 695 = 0, -136 = -v - 3*d. What is the units digit of v?
8
Suppose -3*o + 0*w - 5*w - 3 = 0, 2*o + 2 = 4*w. What is the tens digit of 36 - o/((-5)/30)?
3
Suppose 0 = -5*w + 47 - 27. Suppose 2*a - 2*r - 9 = 3, 4*r - 16 = -w*a. What is the units digit of a?
5
Suppose 83*a - 10*a - 1457425 = -24*a. What is the hundreds digit of a?
0
What is the units digit of (-3314563)/(-205) + (-2)/(-5)?
9
Suppose -393*n - 24510 = -395*n + 1148. What is the hundreds digit of n?
8
What is the units digit of (4/(-10))/1 + (6459882/(-110))/(-13)?
7
Let p be ((-842)/10)/((-13)